 hundreds digit of 4545825?
8
What is the hundreds digit of 147076254?
2
What is the ten thousands digit of 911264725?
6
What is the units digit of 55626890?
0
What is the hundred millions digit of 181811087?
1
What is the tens digit of 35143728?
2
What is the tens digit of 885439712?
1
What is the ten millions digit of 1442118629?
4
What is the millions digit of 1240345941?
0
What is the thousands digit of 91618798?
8
What is the thousands digit of 79016858?
6
What is the thousands digit of 240113?
0
What is the millions digit of 69072209?
9
What is the hundreds digit of 33407911?
9
What is the ten thousands digit of 217013423?
1
What is the ten thousands digit of 10904957?
0
What is the hundred thousands digit of 4275880?
2
What is the hundred millions digit of 287480737?
2
What is the millions digit of 75615986?
5
What is the hundred thousands digit of 98589447?
5
What is the millions digit of 189979171?
9
What is the hundred thousands digit of 359284028?
2
What is the tens digit of 568965121?
2
What is the tens digit of 626471917?
1
What is the ten millions digit of 4714958289?
1
What is the tens digit of 363881616?
1
What is the hundreds digit of 6508451878?
8
What is the ten thousands digit of 53355821?
5
What is the units digit of 1580860405?
5
What is the tens digit of 33212937?
3
What is the ten millions digit of 1872902757?
7
What is the millions digit of 140791283?
0
What is the ten thousands digit of 1567750011?
5
What is the thousands digit of 135395796?
5
What is the tens digit of 37112793?
9
What is the thousands digit of 1401359175?
9
What is the units digit of 117267053?
3
What is the ten thousands digit of 579911032?
1
What is the billions digit of 2848498576?
2
What is the units digit of 49662140?
0
What is the tens digit of 897879682?
8
What is the ten thousands digit of 39193666?
9
What is the thousands digit of 2849822044?
2
What is the hundreds digit of 1530343765?
7
What is the hundreds digit of 1311954651?
6
What is the hundred thousands digit of 100654114?
6
What is the hundred millions digit of 469424195?
4
What is the thousands digit of 2082013736?
3
What is the tens digit of 47387099?
9
What is the ten millions digit of 7740668616?
4
What is the millions digit of 28243181?
8
What is the hundred thousands digit of 946382987?
3
What is the hundred thousands digit of 48991115?
9
What is the ten thousands digit of 2813097309?
9
What is the hundred millions digit of 117609766?
1
What is the thousands digit of 45936311?
6
What is the ten thousands digit of 1816284461?
8
What is the ten thousands digit of 211299609?
9
What is the ten millions digit of 2174803975?
7
What is the hundred thousands digit of 37873199?
8
What is the ten millions digit of 161447807?
6
What is the ten thousands digit of 43160820?
6
What is the tens digit of 51682313?
1
What is the hundred thousands digit of 279380935?
3
What is the tens digit of 186029966?
6
What is the ten millions digit of 1561667605?
6
What is the ten millions digit of 27552479?
2
What is the hundreds digit of 2427465902?
9
What is the hundreds digit of 189876163?
1
What is the thousands digit of 5236706242?
6
What is the units digit of 4832498819?
9
What is the tens digit of 88589530?
3
What is the tens digit of 729881519?
1
What is the units digit of 64903871?
1
What is the units digit of 125219793?
3
What is the hundred millions digit of 238900485?
2
What is the units digit of 520330387?
7
What is the thousands digit of 169235274?
5
What is the thousands digit of 5798172630?
2
What is the units digit of 218120516?
6
What is the hundred thousands digit of 247065414?
0
What is the ten millions digit of 21492216?
2
What is the millions digit of 241730152?
1
What is the millions digit of 124089531?
4
What is the ten thousands digit of 80051000?
5
What is the ten thousands digit of 284050332?
5
What is the thousands digit of 1132848290?
8
What is the millions digit of 2098440125?
8
What is the millions digit of 16997967?
6
What is the millions digit of 2589657097?
9
What is the ten thousands digit of 2430018109?
1
What is the units digit of 65175995?
5
What is the hundred thousands digit of 108392140?
3
What is the tens digit of 21921662?
6
What is the tens digit of 3994500583?
8
What is the tens digit of 66786029?
2
What is the ten millions digit of 2829723866?
2
What is the tens digit of 563921980?
8
What is the tens digit of 89947595?
9
What is the units digit of 147895725?
5
What is the hundreds digit of 723378901?
9
What is the tens digit of 255132489?
8
What is the hundreds digit of 40570300?
3
What is the hundred thousands digit of 266296144?
2
What is the millions digit of 210291947?
0
What is the millions digit of 1070018727?
0
What is the hundred millions digit of 668839309?
6
What is the tens digit of 919705078?
7
What is the hundred millions digit of 3759384668?
7
What is the millions digit of 2816302911?
6
What is the millions digit of 14568718?
4
What is the hundred thousands digit of 138044501?
0
What is the ten thousands digit of 63631470?
3
What is the thousands digit of 620040913?
0
What is the ten thousands digit of 416423327?
2
What is the ten millions digit of 2994003338?
9
What is the hundred thousands digit of 147436090?
4
What is the hundred thousands digit of 880518690?
5
What is the hundreds digit of 263539369?
3
What is the millions digit of 373254440?
3
What is the hundred thousands digit of 72197227?
1
What is the ten thousands digit of 2364526006?
2
What is the billions digit of 1409287577?
1
What is the ten millions digit of 163420222?
6
What is the hundred millions digit of 670181672?
6
What is the hundred thousands digit of 1050267416?
2
What is the thousands digit of 2463396444?
6
What is the hundred millions digit of 130691381?
1
What is the tens digit of 1495957698?
9
What is the tens digit of 104793700?
0
What is the hundred thousands digit of 1366080161?
0
What is the hundreds digit of 40055656?
6
What is the ten thousands digit of 51674179?
7
What is the hundred millions digit of 242283648?
2
What is the millions digit of 72679520?
2
What is the ten millions digit of 30521564?
3
What is the billions digit of 1161036028?
1
What is the hundred thousands digit of 1652017838?
0
What is the hundred thousands digit of 86669199?
6
What is the units digit of 2543008433?
3
What is the ten thousands digit of 1882070533?
7
What is the ten thousands digit of 3584283469?
8
What is the ten thousands digit of 24000458?
0
What is the ten millions digit of 135793355?
3
What is the hundred millions digit of 577531139?
5
What is the ten millions digit of 30189359?
3
What is the millions digit of 1741918469?
1
What is the hundred millions digit of 1028123000?
0
What is the hundreds digit of 210111610?
6
What is the tens digit of 249954303?
0
What is the tens digit of 5094932648?
4
What is the thousands digit of 74928826?
8
What is the units digit of 9237383?
3
What is the ten thousands digit of 706201812?
0
What is the thousands digit of 3973712802?
2
What is the tens digit of 287936296?
9
What is the millions digit of 133977942?
3
What is the ten millions digit of 3608954569?
0
What is the units digit of 1875253452?
2
What is the hundreds digit of 1166012382?
3
What is the ten millions digit of 404781397?
0
What is the ten millions digit of 115706338?
1
What is the thousands digit of 8581865263?
5
What is the tens digit of 164525623?
2
What is the hundred thousands digit of 11769752?
7
What is the hundred millions digit of 328622000?
3
What is the tens digit of 998772041?
4
What is the units digit of 3840637986?
6
What is the units digit of 9202130?
0
What is the tens digit of 12632751?
5
What is the billions digit of 1524083788?
1
What is the ten millions digit of 1038314886?
3
What is the ten thousands digit of 1749031920?
3
What is the hundreds digit of 193482650?
6
What is the ten thousands digit of 866480634?
8
What is the hundred thousands digit of 124243885?
2
What is the hundreds digit of 2937708550?
5
What is the millions digit of 37813317?
7
What is the ten thousands digit of 4729441532?
4
What is the hundreds digit of 1140754494?
4
What is the hundreds digit of 1466156389?
3
What is the millions digit of 1571741?
1
What is the ten millions dig